-5*g, -224 = -4*q - 6*g + 4*g. Suppose 0 = 3*o + 2*o - q. What is the remainder when 47 is divided by o?
3
Suppose -d - 4*n - 52 = -5*d, 0 = -d + 3*n + 15. Suppose f + f = d. What is the remainder when (-1)/(0 - (-10)/(-190)) is divided by f?
1
Suppose 0 = 11*q - 812 + 218. Calculate the remainder when 269 is divided by q.
53
Let z(u) = 31*u - 110. Suppose 2*x + 8 = 4*y, 0 = 4*y - x - 3*x. What is the remainder when z(4) is divided by y?
2
Let h = 2 - -13. Suppose -12 = -4*l - 3*f, 18 = 4*l + f - 2. Suppose 0 = -m - l + h. What is the remainder when 42 is divided by m?
6
Let p(b) = 151*b**3 + 2*b**2 - 3*b + 1. Calculate the remainder when p(1) is divided by (1 + (-27)/21)*-91.
21
Let k(f) = -f + 20. Let j = -30 + 15. Calculate the remainder when 102 is divided by k(j).
32
What is the remainder when (-32)/(-400) - (-44592)/100 is divided by 45?
41
Let s = 107 + -103. Suppose 24 = 2*g + 4*o, -s*g + 93 = -0*o - o. What is the remainder when g is divided by 4?
2
Let c(a) = -12 - 6*a + 5*a + 0*a. Let t be c(0). Let z = 27 + t. What is the remainder when 28 is divided by z?
13
Let s = -6 + 25. Let y = 6 + 14. Suppose -2*t + 0 = -y. Calculate the remainder when s is divided by t.
9
Let n(g) = -g**3 - 2*g**2 + 186. Suppose -2*d + 188 = 2*d. What is the remainder when n(0) is divided by d?
45
Let i(s) = 15*s - 12. Let x be i(4). Let z = -37 + x. Calculate the remainder when 54 is divided by z.
10
Let t = -133 - -142. Let c = -2 - -2. Suppose c*f - 15 = -3*f. Calculate the remainder when t is divided by f.
4
Suppose -2*b - 192 = -296. What is the remainder when b is divided by 19?
14
Suppose 79 = 4*t - 2*v - 355, -3*t + 318 = v. Calculate the remainder when t is divided by 37.
33
Let m = -284 - -307. Calculate the remainder when 87 is divided by m.
18
Let g be -3 - (-11)/((-22)/(-20)). Let z = g - -4. What is the remainder when 76 is divided by z?
10
Let i = -256 - -416. Calculate the remainder when i is divided by 41.
37
Suppose -u + 193 = -4. What is the remainder when u is divided by 96?
5
What is the remainder when 2 + 5 + -3 + 411/3 is divided by 15?
6
Let g(r) = -r**2 + 83*r - 351. What is the remainder when 340 is divided by g(77)?
7
What is the remainder when 35/3*(78/15 - 4) is divided by 6?
2
Let w = -10 - -41. Let d(p) = p**2 + 59*p + 501. Calculate the remainder when w is divided by d(-10).
9
Let j = 180 + -110. What is the remainder when j is divided by (24/(-14))/(26/(-182))?
10
Let c(f) = -f**3 + 5*f - 4. Let j be 98/35 + 1/5. Let o(b) = 2*b**3 - 14*b + 11. Let w(x) = j*o(x) + 8*c(x). What is the remainder when w(-2) is divided by 12?
9
Let d(n) = 3*n - 4*n - 20 + 3*n. Calculate the remainder when 196 is divided by d(19).
16
Suppose -2*g + 2*o - 170 = g, -2*g - 2*o = 110. Let l = g - -71. Calculate the remainder when 19 is divided by l.
4
Let p be 3 - 15/(2 - 7). Suppose p*m - 85 = 71. Suppose o = -4*o + 35. What is the remainder when m is divided by o?
5
Let y = -635 - -988. What is the remainder when y is divided by 72?
65
What is the remainder when (-6 - 0) + -7 + 56 is divided by 17?
9
Let y = -286 - -297. Calculate the remainder when 17 is divided by y.
6
Let v = 3 + 10. Suppose -97 + 513 = v*s. What is the remainder when s is divided by 3?
2
Let o = 478 - 249. Calculate the remainder when o is divided by 64.
37
Suppose -f - 12 = -70. Let y = 243 - 231. Calculate the remainder when f is divided by y.
10
Suppose -5*f + 2*s = -15, 4*f + 5*s = -f + 50. Calculate the remainder when 11 is divided by f.
1
What is the remainder when 202 is divided by ((-580)/15 + 4)/((-2)/3)?
46
Let x(t) = t**3 - 6*t**2 + 6*t + 5. Let r be x(5). Let k(s) = -s**2 + 9*s + 21. What is the remainder when 63 is divided by k(r)?
8
Suppose -5*i - 18 = 2*h, -3*h + 13 = -2*h - 3*i. Suppose 3 = x + b, -h = 5*x + b - 4*b. Let v = 64 - 63. Calculate the remainder when x is divided by v.
0
Let g = 50 + 45. Suppose -5*m + 2*f + 445 = -3*f, -g = -m + 3*f. Let r(h) = -3*h**2 - 67*h + 609. What is the remainder when m is divided by r(-29)?
28
Let r(p) = 17*p**3 - 3*p**2 - p + 4. Calculate the remainder when r(2) is divided by -1*(-2 - -6)*-8.
30
Let n(v) = v**3 - 8*v**2 + 8*v + 5. Let w be n(6). Let x = w + 47. Suppose -b + 5*b - x = 0. What is the remainder when 20 is divided by b?
6
Let w(m) = 7*m**2 - 5*m - 40. Let l(c) = c**2 - c. Let a(i) = -6*l(i) + w(i). Let u be a(0). Let q = u - -70. What is the remainder when q is divided by 8?
6
Let x = -115 + 153. Let h(i) = 2*i**2 - 6*i. Calculate the remainder when x is divided by h(5).
18
Let g(h) = -h**3 + 2*h**2 + 6*h - 6. Suppose 5*d - 9*d + 160 = 0. What is the remainder when d is divided by g(2)?
4
Suppose -3*m - 32 = 5*u, -5*u - m + 7 - 41 = 0. Let c(w) = 2*w - 3. Let n(z) = -z. Let o(p) = c(p) + 3*n(p). Calculate the remainder when 7 is divided by o(u).
3
Suppose -5*v - 2*h + 53 = 0, -v + 5*v - 48 = 4*h. Calculate the remainder when 129 is divided by v.
8
Suppose -4*b + 28 = -4*k + 6*k, -3*k = -b + 21. What is the remainder when 168 is divided by b?
6
Let t(g) = -g**3 + 25*g**2 - 95*g - 5. Calculate the remainder when 104 is divided by t(5).
4
Suppose -4*z = -5*m - 80, 3*m = 7*z - 8*z + 3. What is the remainder when 51 is divided by z?
6
Let v = 161 + 12. Calculate the remainder when v is divided by 22.
19
Let m(f) be the first derivative of -3*f**2/2 - 9*f - 7. Calculate the remainder when 7 is divided by m(-4).
1
Suppose 0 = -b + 2 + 2, 0 = -3*o - 3*b + 63. Calculate the remainder when 20 is divided by o.
3
What is the remainder when 1 + 3 - (-118)/1 is divided by 21?
17
Suppose 4*b = 4*x - 8*x + 116, b + 87 = 3*x. Calculate the remainder when 57 is divided by x.
28
Let h = 233 - 226. What is the remainder when 22 is divided by h?
1
Let k = 48 - 46. What is the remainder when -6 + k + (-285)/(-3) is divided by 16?
11
Let k(n) = -2*n**2 - 34*n + 3. Let i be k(-17). Suppose -i*v = -287 + 62. Calculate the remainder when v is divided by 26.
23
Let u be 0*2/4*1. Suppose 3*i + u*i = 2*v + 29, 4*v - 19 = -i. Let j(f) = 6*f - 50. What is the remainder when i is divided by j(9)?
3
Suppose 2*k + 4*u = 128, -2*u + 0*u - 226 = -4*k. Suppose 0 = t - k + 11. Calculate the remainder when t is divided by 10.
7
Let o = -31 - -31. What is the remainder when (124/(-2 + o))/(-2) is divided by 17?
14
Let d = 20 - 19. Calculate the remainder when (-9)/((-18)/116) - (d - 1) is divided by 20.
18
Suppose -9 + 25 = -4*u, 5*a + 4*u + 1 = 0. Let w(z) = 2*z**3 - 4*z**2 + 5*z - 4. Calculate the remainder when w(a) is divided by 8.
5
Let x(b) = -4*b**2 + 96*b + 67. What is the remainder when x(24) is divided by 27?
13
Suppose 2*c - 6*c + 2*a = -66, c = -2*a + 14. What is the remainder when 60 is divided by c?
12
Suppose 4*g = 7*g - 12. Let y(j) = 6*j - 3. Let n(m) = 5*m - 3. Let k(r) = g*n(r) - 3*y(r). Calculate the remainder when 57 is divided by k(9).
12
Suppose 210 + 40 = 2*u. Calculate the remainder when u is divided by 10.
5
Suppose -85 = -11*p + 69. Suppose 0 = 4*q - u - 280, -3*u = -0*u + 12. Calculate the remainder when q is divided by p.
13
Let d be (2 - 0/(-1)) + -2. Let x(h) be the third derivative of h**6/120 - h**5/60 + 5*h**3/3 + 6*h**2. What is the remainder when 27 is divided by x(d)?
7
Suppose -245 = -5*u - 3*h, u - 4*h + 14 = 40. Suppose -u*t = -48*t + 32. Calculate the remainder when -2 + (80 - (-1)/(-1)) is divided by t.
13
Let b = -23 - -57. Let g(z) = z**3 - 2*z**2 - 6*z + 4. Let u = 7 - 3. Calculate the remainder when b is divided by g(u).
10
Let y = 1 - -2. Suppose -r + 68 = y*r. Suppose 0 = 2*z - 3*n - 125, -5*z - 3*n = -0*n - 344. Calculate the remainder when z is divided by r.
16
Let i(r) be the third derivative of -2/3*r**3 - 1/120*r**6 + 0 - 7/60*r**5 + r**4 + 2*r**2 + 0*r. What is the remainder when i(-10) is divided by 15?
11
Let n(u) = -34*u + 183. Calculate the remainder when ((-12)/(-2))/((-3)/(-44)) is divided by n(5).
10
Suppose 0 = -5*l + 20, -2*y - 5*l + 50 = -4*y. Let t(z) = z**2 + 4*z - 32. Calculate the remainder when t(y) is divided by 23.
18
Let c = -3 - -8. Suppose -5*h - 4*w = -537, -44 - 75 = -h + c*w. Calculate the remainder when h is divided by 22.
21
Let q = -226 + 230. What is the remainder when (104/4)/(2/1) is divided by q?
1
Calculate the remainder when 2/12 + (-5570)/(-60) + 1 is divided 